rue
Is 130567 a prime number?
False
Is 68945 a prime number?
False
Is 5447 a prime number?
False
Is 82913 a composite number?
False
Is 107951 prime?
True
Is 88051 a prime number?
False
Is 34453 prime?
False
Is 27841 a prime number?
False
Is 62723 prime?
True
Is 1847201 prime?
False
Is 2861 a composite number?
False
Is 36745 a prime number?
False
Is 107893 composite?
True
Is 1621 composite?
False
Is 379 a prime number?
True
Is 153991 a composite number?
False
Is 7458805 prime?
False
Is 5129545 prime?
False
Is 11389 a prime number?
False
Is 406373 prime?
False
Is 1124239 a composite number?
False
Is 179791 prime?
False
Is 20206 prime?
False
Is 26098 a composite number?
True
Is 172619 prime?
True
Is 7297 a composite number?
False
Is 348389 a composite number?
False
Is 39469 a prime number?
False
Is 104693 a prime number?
True
Is 328603 a prime number?
False
Is 46327 composite?
False
Is 9461 prime?
True
Is 471739 a prime number?
False
Is 105379 a composite number?
False
Is 50723 prime?
True
Is 233431 a prime number?
False
Is 74729 a composite number?
False
Is 532087 composite?
True
Is 4703 prime?
True
Is 284573 a prime number?
True
Is 121831 a prime number?
False
Is 19739 a prime number?
True
Is 10085 a composite number?
True
Is 5069 a prime number?
False
Is 2777 a composite number?
False
Is 100907 prime?
True
Is 2832889 composite?
False
Is 356819 a composite number?
False
Is 102059 a prime number?
True
Is 662489 a prime number?
False
Is 2045417 prime?
False
Is 54987 a composite number?
True
Is 9173 prime?
True
Is 306587 prime?
True
Is 1578991 prime?
False
Is 913819 composite?
True
Is 29513 a composite number?
True
Is 4574 a prime number?
False
Is 12197 a composite number?
False
Is 1379 composite?
True
Is 3654511 composite?
True
Is 322835 prime?
False
Is 157249 prime?
False
Is 176117 composite?
True
Is 46114 a composite number?
True
Is 43709 a composite number?
True
Is 1087 a prime number?
True
Is 349077 a composite number?
True
Is 4201 prime?
True
Is 17257 a composite number?
False
Is 834341 a composite number?
False
Is 384297 composite?
True
Is 6619 a prime number?
True
Is 28489 composite?
True
Is 11801 composite?
False
Is 7289 prime?
False
Is 78157 a prime number?
True
Is 1504079 a prime number?
False
Is 109059 a composite number?
True
Is 17309 a prime number?
False
Is 43391 composite?
False
Is 283051 prime?
True
Is 91187 a prime number?
False
Is 653017 a prime number?
False
Is 66635 composite?
True
Is 35753 a composite number?
False
Is 19553 composite?
False
Is 11159 a composite number?
False
Is 103063 composite?
True
Is 163745 composite?
True
Is 2031 a prime number?
False
Is 256643 a prime number?
True
Is 1364127 a composite number?
True
Is 392023 a composite number?
True
Is 170851 prime?
True
Is 114973 composite?
False
Is 26171 a prime number?
True
Is 491897 a prime number?
False
Is 7318 composite?
True
Is 38903 a prime number?
True
Is 3027 a prime number?
False
Is 148349 a prime number?
False
Is 5242 a composite number?
True
Is 107891 prime?
False
Is 1406771 a prime number?
True
Is 4109 a composite number?
True
Is 871561 composite?
True
Is 5033 prime?
False
Is 18263 a prime number?
False
Is 4703 composite?
False
Is 3611 composite?
True
Is 11657 composite?
False
Is 3581 prime?
True
Is 646801 prime?
False
Is 147029 prime?
True
Is 27941 a prime number?
True
Is 11351 composite?
False
Is 331003 prime?
False
Is 563935 a prime number?
False
Is 12979 prime?
True
Is 1840279 a prime number?
False
Is 62126 a prime number?
False
Is 2107859 prime?
False
Is 163403 a composite number?
False
Is 581197 composite?
False
Is 531233 prime?
False
Is 74557 a composite number?
True
Is 1151 prime?
True
Is 346091 composite?
False
Is 89459 a composite number?
False
Is 1878577 a prime number?
True
Is 28685 prime?
False
Is 98053 a prime number?
False
Is 138551 a composite number?
True
Is 103301 composite?
True
Is 5561 a composite number?
True
Is 14765 composite?
True
Is 533095 composite?
True
Is 34351 a composite number?
False
Is 35779 prime?
False
Is 223697 composite?
False
Is 946759 a composite number?
True
Is 122779 composite?
True
Is 54445 prime?
False
Is 4443 prime?
False
Is 34649 a composite number?
False
Is 851635 a prime number?
False
Is 4559 composite?
True
Is 32101 composite?
True
Is 22523 a composite number?
True
Is 48673 a prime number?
True
Is 4474 a composite number?
True
Is 122117 a composite number?
False
Is 54911 prime?
False
Is 16319 a prime number?
True
Is 13613 prime?
True
Is 112811 composite?
True
Is 41353 a prime number?
False
Is 71477 composite?
True
Is 12589 prime?
True
Is 298153 composite?
False
Is 14939 composite?
False
Is 1279 a prime number?
True
Is 3560117 prime?
False
Is 3691 prime?
True
Is 534263 composite?
True
Is 158753 a composite number?
True
Is 44995 a composite number?
True
Is 28297 a composite number?
False
Is 874387 a prime number?
True
Is 156929 a composite number?
True
Is 26453 a prime number?
False
Is 18833 composite?
True
Is 5599 a prime number?
False
Is 11185 a prime number?
False
Is 4979 a composite number?
True
Is 14359 a prime number?
False
Is 439681 a composite number?
True
Is 22171 composite?
False
Is 107971 composite?
False
Is 3470249 composite?
False
Is 11721 a prime number?
False
Is 14281 a prime number?
True
Is 1259 composite?
False
Is 13021 a composite number?
True
Is 9287 a composite number?
True
Is 104813 a prime number?
False
Is 1180879 prime?
False
Is 342791 a prime number?
True
Is 82409 prime?
False
Is 6653 a composite number?
False
Is 79717 composite?
True
Is 307493 composite?
True
Is 1949 composite?
False
Is 765971 a composite number?
False
Is 45079 composite?
True
Is 18021 a composite number?
True
Is 204641 composite?
False
Is 24487 prime?
False
Is 4699 prime?
False
Is 631 a prime number?
True
Is 885922 a prime number?
False
Is 1223129 a composite number?
True
Is 6941 a composite number?
True
Is 247183 a prime number?
True
Is 94709 a composite number?
False
Is 50707 a composite number?
False
Is 774577 prime?
True
Is 645287 prime?
False
Is 179 a composite number?
False
Is 1497869 composite?
False
Is 20441 a composite number?
False
Is 3161 a prime number?
False
Is 204719 a composite number?
False
Is 34633 composite?
True
Is 221393 composite?
False
Is 721 a composite number?
True
Is 430411 a prime number?
True
Is 186623 composite?
True
Is 120723 a composite number?
True
Is 10487 a composite number?
False
Is 8839 prime?
True
Is 112123 prime?
False
Is 42589 a composite number?
False
Is 955 a composite number?
True
Is 287537 a prime number?
True
Is 13919 composite?
True
Is 201511 a composite number?
False
Is 671003 a composite number?
False
Is 24841 prime?
True
Is 234903 a prime number?
False
Is 74549 a composite number?
True
Is 203713 composite?
False
Is 20198 composite?
True
Is 131126 composite?
True
Is 207899 a composite number?
True
Is 466363 prime?
False
Is 13798 a prime number?
False
Is 1283287 a composite number?
True
Is 2148163 composite?
False
Is 51383 a prime number?
True
Is 13229 a composite number?
False
Is 1887241 a composite number?
True
Is 9029 prime?
True
Is 1779557 prime?
False
Is 1621 prime?
True
Is 158947 composite?
True
Is 214939 a prime number?
True
Is 403037 prime?
True
Is 53539 prime?
False
Is 9349 a prime number?
True
Is 1260817 composite?
True
Is 143435 a composite number?
True
Is 151213 prime?
True
Is 1496737 a prime number?
False
Is 758867 a prime number?
True
Is 1253 a prime number?
False
Is 2039 a prime number?
True
Is 31999 composite?
True
Is 25989 prime?
False
Is 49711 prime?
True
Is 191281 a prime number?
True
Is 5627 prime?
False
Is 2234 a prime number?
False
Is 3749 composite?
True
Is 281222 a prime number?
False
Is 24197 prime?
True
Is 174847 prime?
False
Is 75913 a prime number?
True
Is 56081 prime?
True
Is 2636701 a composite number?
False
Is 7493 composite?
True
Is 45947 a composite number?
True
Is 6161 a prime number?
False
Is 17569 a composite number?
False
Is 31769 a composite number?
False
Is 5095 prime?
False
Is 4871 a prime number?
True
Is 40609 composite?
False
Is 902953 composite?
False
Is 1523 a composite number?
False
Is 258157 prime?
True
Is 8537 composite?
False
Is 9151 a composite number?
False
Is 780119 prime?
True
Is 1097935 composite?
True
Is 93683 a prime